{"id":99,"date":"2026-02-11T11:05:06","date_gmt":"2026-02-11T11:05:06","guid":{"rendered":"http:\/\/odemisgidaodasi.org.tr\/?page_id=99"},"modified":"2026-02-16T12:01:24","modified_gmt":"2026-02-16T12:01:24","slug":"hakkimizda","status":"publish","type":"page","link":"https:\/\/odemisgidaodasi.org.tr\/index.php\/hakkimizda\/","title":{"rendered":"Hakk\u0131m\u0131zda"},"content":{"rendered":"<div class=\"et_pb_section_0 et_pb_section et_pb_fullwidth_section et_section_regular et_block_section\">\n<section class=\"et_pb_fullwidth_header_0 et_pb_fullwidth_header et_pb_bg_layout_light et_pb_text_align_left et_pb_module et_flex_module\"><div class=\"et_pb_fullwidth_header_container left\"><div class=\"header-content-container center\"><div class=\"header-content et_flex_module\"><h1 class=\"et_pb_module_header\">ESNAFIN YANINDAYIZ<\/h1><span class=\"et_pb_fullwidth_header_subhead\">HAKKIMIZDA<\/span><div class=\"et_pb_header_content_wrapper\"><p data-start=\"284\" data-end=\"488\">\u00d6demi\u015f Bilumum G\u0131da Maddeleri ile U\u011fra\u015fanlar Esnaf ve Sanatk\u00e2rlar Odas\u0131, il\u00e7emizde faaliyet g\u00f6steren esnaf ve sanatk\u00e2rlar\u0131m\u0131z\u0131n mesleki, ekonomik ve sosyal haklar\u0131n\u0131 korumak amac\u0131yla hizmet vermektedir.<code data-start=\"801\" data-end=\"820\"><\/code><\/p>\n<\/div><div class=\"et_pb_header_button_wrapper\"><\/div><\/div><\/div><\/div><div class=\"et_pb_fullwidth_header_overlay\"><\/div><div class=\"et_pb_fullwidth_header_scroll\"><\/div><\/section>\n<\/div>\n\n<div class=\"et_pb_section_1 et_pb_section et_section_regular et_block_section\">\n<div class=\"et_pb_row_0 et_pb_row et_block_row\">\n<div class=\"et_pb_column_0 et_pb_column et_pb_column_1_2 et_block_column et_pb_css_mix_blend_mode_passthrough\">\n<div class=\"et_pb_text_0 et_pb_text et_pb_bg_layout_dark et_pb_module et_block_module\"><div class=\"et_pb_text_inner\"><h5>Esnaf\u0131n Yan\u0131nday\u0131z<\/h5>\n<h2>G\u00fc\u00e7l\u00fc Esnaf, G\u00fc\u00e7l\u00fc \u00d6demi\u015f<\/h2>\n<\/div><\/div>\n<\/div>\n\n<div class=\"et_pb_column_1 et_pb_column et_pb_column_1_2 et-last-child et_block_column et_pb_css_mix_blend_mode_passthrough\">\n<div class=\"et_pb_text_1 et_pb_text et_pb_bg_layout_dark et_pb_module et_block_module\"><div class=\"et_pb_text_inner\"><p data-start=\"490\" data-end=\"647\">Odam\u0131z; \u00fcyelerimizin kar\u015f\u0131la\u015ft\u0131\u011f\u0131 sorunlara \u00e7\u00f6z\u00fcm \u00fcretmeyi, mevzuat konusunda rehberlik etmeyi ve dayan\u0131\u015fma k\u00fclt\u00fcr\u00fcn\u00fc g\u00fc\u00e7lendirmeyi temel g\u00f6rev kabul eder.<\/p>\n<p data-start=\"649\" data-end=\"796\">\u015eeffaf, adil ve ula\u015f\u0131labilir bir y\u00f6netim anlay\u0131\u015f\u0131yla \u00e7al\u0131\u015fmalar\u0131m\u0131z\u0131 s\u00fcrd\u00fcrmekte; esnaf\u0131m\u0131z\u0131n g\u00fcc\u00fcn\u00fc b\u00fcy\u00fctmek i\u00e7in kararl\u0131l\u0131kla hizmet vermekteyiz.<\/p>\n<p data-start=\"798\" data-end=\"820\">\ud83d\udd18 <code data-start=\"801\" data-end=\"820\">Y\u00f6netim Kurulumuz<\/code><\/p>\n<\/div><\/div>\n<\/div>\n<\/div>\n<\/div>\n\n<div class=\"et_pb_section_2 et_pb_section et_section_regular et_block_section\">\n<div class=\"et_pb_row_1 et_pb_row et_block_row\">\n<div class=\"et_pb_column_2 et_pb_column et_pb_column_4_4 et-last-child et_block_column et_pb_css_mix_blend_mode_passthrough\">\n<div class=\"et_pb_text_2 et_pb_text et_pb_bg_layout_light et_pb_module et_block_module et_pb_text_align_center\"><div class=\"et_pb_text_inner\"><h5><\/h5>\n<h2>Y\u00d6NET\u0130M KURULU \u00dcYELER\u0130M\u0130Z<\/h2>\n<p>\u00d6demi\u015f Bilumum G\u0131da Maddeleri ile U\u011fra\u015fanlar Esnaf ve Sanatk\u00e2rlar Odas\u0131'n\u0131n y\u00f6netim organ\u0131.<\/p>\n<\/div><\/div>\n<\/div>\n<\/div>\n\n<div class=\"et_pb_row_2 et_pb_row et_flex_row\">\n<div class=\"et_pb_column_3 et_pb_column et-last-child et_flex_column et_pb_css_mix_blend_mode_passthrough et_flex_column_24_24 et_flex_column_24_24_tablet et_flex_column_24_24_phone\">\n<div class=\"et_pb_image_0 et_pb_image et_pb_module et_flex_module\"><span class=\"et_pb_image_wrap\"><img loading=\"lazy\" decoding=\"async\" src=\"https:\/\/odemisgidaodasi.org.tr\/wp-content\/uploads\/2026\/02\/5-1-scaled.png\" title=\"5\" width=\"2560\" height=\"1440\" srcset=\"https:\/\/odemisgidaodasi.org.tr\/wp-content\/uploads\/2026\/02\/5-1-scaled.png 2560w, https:\/\/odemisgidaodasi.org.tr\/wp-content\/uploads\/2026\/02\/5-1-1280x720.png 1280w, https:\/\/odemisgidaodasi.org.tr\/wp-content\/uploads\/2026\/02\/5-1-980x551.png 980w, https:\/\/odemisgidaodasi.org.tr\/wp-content\/uploads\/2026\/02\/5-1-480x270.png 480w\" sizes=\"(min-width: 0px) and (max-width: 480px) 480px, (min-width: 481px) and (max-width: 980px) 980px, (min-width: 981px) and (max-width: 1280px) 1280px, (min-width: 1281px) 2560px, 100vw\" class=\"wp-image-112\" \/><\/span><\/div>\n<\/div>\n<\/div>\n\n<div class=\"et_pb_row_3 et_pb_row et_flex_row\">\n<div class=\"et_pb_column_4 et_pb_column et-last-child et_flex_column et_pb_css_mix_blend_mode_passthrough et_flex_column_24_24 et_flex_column_24_24_tablet et_flex_column_24_24_phone\">\n<div class=\"et_pb_image_1 et_pb_image et_pb_module et_flex_module\"><span class=\"et_pb_image_wrap\"><img loading=\"lazy\" decoding=\"async\" src=\"https:\/\/odemisgidaodasi.org.tr\/wp-content\/uploads\/2026\/02\/6-scaled.png\" title=\"6\" width=\"2560\" height=\"1440\" srcset=\"https:\/\/odemisgidaodasi.org.tr\/wp-content\/uploads\/2026\/02\/6-scaled.png 2560w, https:\/\/odemisgidaodasi.org.tr\/wp-content\/uploads\/2026\/02\/6-1280x720.png 1280w, https:\/\/odemisgidaodasi.org.tr\/wp-content\/uploads\/2026\/02\/6-980x551.png 980w, https:\/\/odemisgidaodasi.org.tr\/wp-content\/uploads\/2026\/02\/6-480x270.png 480w\" sizes=\"(min-width: 0px) and (max-width: 480px) 480px, (min-width: 481px) and (max-width: 980px) 980px, (min-width: 981px) and (max-width: 1280px) 1280px, (min-width: 1281px) 2560px, 100vw\" class=\"wp-image-113\" \/><\/span><\/div>\n<\/div>\n<\/div>\n<\/div>\n\n<div class=\"et_pb_section_3 et_pb_section et_section_regular et_block_section\">\n<div class=\"et_pb_row_4 et_pb_row et_pb_equal_columns et_pb_gutters1 et_block_row et_pb_row_fullwidth\">\n<div class=\"et_pb_column_5 et_pb_column et_pb_column_1_2 et_block_column et_pb_css_mix_blend_mode_passthrough\">\n<div class=\"et_pb_text_3 et_pb_text et_pb_bg_layout_dark et_pb_module et_block_module\"><div class=\"et_pb_text_inner\"><h5><\/h5>\n<h2>Ba\u015fkan\u2019dan Bir Mesaj<\/h2>\n<p data-start=\"1446\" data-end=\"1520\">\"Bu g\u00f6revi bir makam olarak de\u011fil, b\u00fcy\u00fck bir sorumluluk olarak g\u00f6r\u00fcyorum.<\/p>\n<p data-start=\"1527\" data-end=\"1718\">Y\u00f6netim Kurulumuzla birlikte, esnaf ve sanatk\u00e2rlar\u0131m\u0131z\u0131n her konudaki talebini \u00f6ncelik kabul ediyor; odam\u0131z\u0131 daha g\u00fc\u00e7l\u00fc, daha etkin ve daha \u00e7\u00f6z\u00fcm odakl\u0131 bir yap\u0131ya ta\u015f\u0131mak i\u00e7in \u00e7al\u0131\u015f\u0131yoruz.<\/p>\n<p data-start=\"1725\" data-end=\"1764\">Esnaf\u0131m\u0131z\u0131n g\u00fcveni en b\u00fcy\u00fck g\u00fcc\u00fcm\u00fczd\u00fcr.\"<\/p>\n<\/div><\/div>\n\n<div class=\"et_pb_text_4 et_pb_text et_pb_bg_layout_dark et_pb_module et_block_module et_pb_text_align_right\"><div class=\"et_pb_text_inner\"><p>- Fatih K\u00f6k<\/p>\n<\/div><\/div>\n<\/div>\n\n<div class=\"et_pb_column_6 et_pb_column et_pb_column_1_2 et-last-child et_block_column et_pb_column_empty et_pb_css_mix_blend_mode_passthrough\"><\/div>\n<\/div>\n\n<div class=\"et_pb_row_5 et_pb_row et_flex_row\">\n<div class=\"et_pb_column_7 et_pb_column et-last-child et_flex_column et_pb_css_mix_blend_mode_passthrough et_flex_column_24_24 et_flex_column_24_24_tablet et_flex_column_24_24_phone\">\n<div class=\"et_pb_divider_0 et_pb_divider et_pb_space et_pb_divider_position_top et_pb_module\"><div class=\"et_pb_divider_internal\"><\/div><\/div>\n<\/div>\n<\/div>\n<\/div>\n\n<div class=\"et_pb_section_4 et_pb_section et_section_regular et_block_section\">\n<div class=\"et_pb_row_6 et_pb_row et_block_row\">\n<div class=\"et_pb_column_8 et_pb_column et_pb_column_1_3 et_block_column et_pb_css_mix_blend_mode_passthrough\">\n<div class=\"et_pb_icon_0 et_pb_icon et_pb_module et_block_module preset--module--divi-icon--3f7ba636-1568-484c-a599-d83443b63927\"><span class=\"et_pb_icon_wrap\"><span class=\"et-pb-icon\">\ue090<\/span><\/span><\/div>\n\n<div class=\"et_pb_text_5 et_pb_text et_pb_bg_layout_light et_pb_module et_block_module et_pb_text_align_center preset--module--divi-text--03b43a64-185c-43fb-a7c3-65906d681797\"><div class=\"et_pb_text_inner\"><p><a data-dtype=\"d3ph\" data-local-attribute=\"d3ph\" jscontroller=\"LWZElb\" href=\"https:\/\/www.google.com\/search?q=%C3%B6demi%C5%9F+g%C4%B1da+maddeleri+odas%C4%B1&amp;rlz=1C5CHFA_enTR1156TR1156&amp;oq=%C3%B6demi%C5%9F+&amp;gs_lcrp=EgZjaHJvbWUqDggAEEUYJxg7GIAEGIoFMg4IABBFGCcYOxiABBiKBTIOCAEQRRgnGDsYgAQYigUyBggCEEUYOzINCAMQABiDARixAxiABDIHCAQQLhiABDIHCAUQABiABDIHCAYQLhiABDIQCAcQLhivARjHARiABBiOBTIHCAgQABiABDIHCAkQABiPAtIBCTMzNTBqMGoxNagCCLACAfEFF-UbNa35Cfc&amp;sourceid=chrome&amp;ie=UTF-8#\" jsdata=\"QKGTRc;_;XFyMaeLYHt3yi-gP0LKk-AY49\" jsaction=\"rcuQ6b:npT2md;F75qrd\" data-ved=\"2ahUKEwji9snin9GSAxVd-QIHHVAZCW8QkAgoAHoECE4QAg\"><span aria-label=\"(0232) 545 09 03 Numaral\u0131 Telefonu Ara\">(0232) 545 09 03<\/span><\/a><\/p>\n<\/div><\/div>\n<\/div>\n\n<div class=\"et_pb_column_9 et_pb_column et_pb_column_1_3 et_block_column et_pb_column_empty et_pb_css_mix_blend_mode_passthrough\"><\/div>\n\n<div class=\"et_pb_column_10 et_pb_column et_pb_column_1_3 et-last-child et_block_column et_pb_css_mix_blend_mode_passthrough\">\n<div class=\"et_pb_icon_1 et_pb_icon et_pb_module et_block_module preset--module--divi-icon--3f7ba636-1568-484c-a599-d83443b63927\"><span class=\"et_pb_icon_wrap\"><span class=\"et-pb-icon\">\uf3c5<\/span><\/span><\/div>\n\n<div class=\"et_pb_text_6 et_pb_text et_pb_bg_layout_light et_pb_module et_block_module et_pb_text_align_center preset--module--divi-text--03b43a64-185c-43fb-a7c3-65906d681797\"><div class=\"et_pb_text_inner\"><p><span style=\"font-size: 16px;\"><\/span><a href=\"https:\/\/www.google.com\/maps\/place\/\/data=!4m2!3m1!1s0x14b8e2e293407211:0x4c72b01d75360e03?sa=X&amp;ved=1t:8290&amp;ictx=111\" data-url=\"\/maps\/place\/\/data=!4m2!3m1!1s0x14b8e2e293407211:0x4c72b01d75360e03?sa=X&amp;ved=2ahUKEwji9snin9GSAxVd-QIHHVAZCW8Q4kB6BAgSEAA\" ping=\"\/url?sa=t&amp;source=web&amp;rct=j&amp;opi=89978449&amp;url=\/maps\/place\/\/data%3D!4m2!3m1!1s0x14b8e2e293407211:0x4c72b01d75360e03%3Fsa%3DX%26ved%3D1t:8290%26ictx%3D111&amp;ved=2ahUKEwji9snin9GSAxVd-QIHHVAZCW8Q4kB6BAhNEAM&amp;sqi=2\" style=\"font-size: 16px;\" tabindex=\"0\">Bengisu, T\u00fcrkoca\u011f\u0131 Sk. No:10, 35750 \u00d6demi\u015f\/\u0130zmir<\/a><\/p>\n<\/div><\/div>\n<\/div>\n<\/div>\n\n<div class=\"et_pb_row_7 et_pb_row et_flex_row\">\n<div class=\"et_pb_column_11 et_pb_column et-last-child et_flex_column et_pb_css_mix_blend_mode_passthrough et_flex_column_24_24 et_flex_column_24_24_tablet et_flex_column_24_24_phone\">\n<div class=\"et_pb_team_member_0 et_pb_team_member et_pb_team_member_no_image et_pb_bg_layout_light et_pb_module et_flex_module\"><div class=\"et_pb_team_member_description\"><h4 class=\"et_pb_module_header\">\u0130smail \u00c7EKEN<\/h4><p class=\"et_pb_member_position\">Genel Sekreter<\/p><div class=\"et_pb_team_member_description_content\"><h4>0 538 649 81 40<\/h4>\n<\/div><\/div><\/div>\n<\/div>\n<\/div>\n<\/div>","protected":false},"excerpt":{"rendered":"","protected":false},"author":1,"featured_media":0,"parent":0,"menu_order":0,"comment_status":"closed","ping_status":"closed","template":"","meta":{"footnotes":""},"class_list":["post-99","page","type-page","status-publish","hentry"],"_links":{"self":[{"href":"https:\/\/odemisgidaodasi.org.tr\/index.php\/wp-json\/wp\/v2\/pages\/99","targetHints":{"allow":["GET"]}}],"collection":[{"href":"https:\/\/odemisgidaodasi.org.tr\/index.php\/wp-json\/wp\/v2\/pages"}],"about":[{"href":"https:\/\/odemisgidaodasi.org.tr\/index.php\/wp-json\/wp\/v2\/types\/page"}],"author":[{"embeddable":true,"href":"https:\/\/odemisgidaodasi.org.tr\/index.php\/wp-json\/wp\/v2\/users\/1"}],"replies":[{"embeddable":true,"href":"https:\/\/odemisgidaodasi.org.tr\/index.php\/wp-json\/wp\/v2\/comments?post=99"}],"version-history":[{"count":8,"href":"https:\/\/odemisgidaodasi.org.tr\/index.php\/wp-json\/wp\/v2\/pages\/99\/revisions"}],"predecessor-version":[{"id":206,"href":"https:\/\/odemisgidaodasi.org.tr\/index.php\/wp-json\/wp\/v2\/pages\/99\/revisions\/206"}],"wp:attachment":[{"href":"https:\/\/odemisgidaodasi.org.tr\/index.php\/wp-json\/wp\/v2\/media?parent=99"}],"curies":[{"name":"wp","href":"https:\/\/api.w.org\/{rel}","templated":true}]}}