{"id":116,"date":"2026-02-11T11:27:10","date_gmt":"2026-02-11T11:27:10","guid":{"rendered":"http:\/\/odemisgidaodasi.org.tr\/?page_id=116"},"modified":"2026-02-16T12:01:00","modified_gmt":"2026-02-16T12:01:00","slug":"iletisim","status":"publish","type":"page","link":"https:\/\/odemisgidaodasi.org.tr\/index.php\/iletisim\/","title":{"rendered":"\u0130leti\u015fim"},"content":{"rendered":"<div class=\"et_pb_section_0 et_pb_section et_section_regular et_block_section\">\n<div class=\"et_pb_row_0 et_pb_row et_block_row\">\n<div class=\"et_pb_column_0 et_pb_column et_pb_column_4_4 et-last-child et_block_column et_pb_css_mix_blend_mode_passthrough\">\n<div class=\"et_pb_text_0 et_pb_text et_pb_bg_layout_light et_pb_module et_block_module et_pb_text_align_center preset--module--divi-text--81aa72b7-f285-480a-994c-3ca5c1b32971\"><div class=\"et_pb_text_inner\"><h1>ileti\u015fim<\/h1>\n<\/div><\/div>\n<\/div>\n<\/div>\n<\/div>\n\n<div class=\"et_pb_section_1 et_pb_section et_section_regular et_block_section\">\n<div class=\"et_pb_row_1 et_pb_row et_block_row\">\n<div class=\"et_pb_column_1 et_pb_column et_pb_column_4_4 et-last-child et_block_column et_pb_css_mix_blend_mode_passthrough\">\n<div class=\"et_pb_contact_form_0 et_pb_contact_form_container clearfix et_pb_module et_flex_module preset--module--divi-contact-form--ae5fd600-7ba8-4389-9120-7cafcc1480bd\" data-form_unique_num=\"0\" data-form_unique_id=\"7067d836e5cc6b8d0df5f1ee01accc26\" id=\"et_pb_contact_form_7067d836e5cc6b8d0df5f1ee01accc26\"><div class=\"et-pb-contact-message\"><\/div><div class=\"et_pb_contact\"><form class=\"et_pb_contact_form et_flex_module\" method=\"post\" action=\"https:\/\/odemisgidaodasi.org.tr\/index.php\/wp-json\/wp\/v2\/pages\/116\">\n<div class=\"et_pb_contact_field_0 et_pb_contact_field et_pb_module et_flex_module et_flex_column_24_24 et_flex_column_24_24_tablet et_flex_column_24_24_phone\" data-id=\"isim\" data-type=\"input\"><label class=\"et_pb_contact_form_label\">\u0130sim<\/label><input type=\"text\" name=\"et_pb_contact_0_isim_0\" id=\"et_pb_contact_0_isim_0\" class=\"input\" data-required_mark=\"required\" data-field_type=\"input\" data-original_id=\"isim\" placeholder=\"\u0130sim\" title=\"\" value=\"\" \/><\/div>\n\n<div class=\"et_pb_contact_field_1 et_pb_contact_field et_pb_module et_flex_module et_flex_column_24_24 et_flex_column_24_24_tablet et_flex_column_24_24_phone\" data-id=\"email\" data-type=\"email\"><label class=\"et_pb_contact_form_label\">Mail Adresi<\/label><input type=\"text\" name=\"et_pb_contact_0_email_1\" id=\"et_pb_contact_0_email_1\" class=\"input\" data-required_mark=\"required\" data-field_type=\"email\" data-original_id=\"email\" placeholder=\"Mail Adresi\" title=\"\" value=\"\" \/><\/div>\n\n<div class=\"et_pb_contact_field_2 et_pb_contact_field et_pb_module et_flex_module et_flex_column_24_24 et_flex_column_24_24_tablet et_flex_column_24_24_phone\" data-id=\"message\" data-type=\"text\"><label class=\"et_pb_contact_form_label\">Mesaj<\/label><textarea name=\"et_pb_contact_0_message_2\" id=\"et_pb_contact_0_message_2\" class=\"et_pb_contact_message input\" data-required_mark=\"required\" data-field_type=\"text\" data-original_id=\"message\" placeholder=\"Mesaj\"><\/textarea><\/div>\n<input type=\"hidden\" name=\"et_pb_contactform_submit_7067d836e5cc6b8d0df5f1ee01accc26\" value=\"et_contact_proccess\" \/><div class=\"et_contact_bottom_container\"><div class=\"et_pb_button_wrapper\"><button type=\"submit\" name=\"et_builder_submit_button\" class=\"et_pb_button et_pb_contact_submit\">G\u00f6nder<\/button><\/div><\/div><input type=\"hidden\" id=\"_wpnonce-et-pb-contact-form-submitted-7067d836e5cc6b8d0df5f1ee01accc26\" name=\"_wpnonce-et-pb-contact-form-submitted-7067d836e5cc6b8d0df5f1ee01accc26\" value=\"df0c07f795\" \/><input type=\"hidden\" name=\"_wp_http_referer\" value=\"\/index.php\/wp-json\/wp\/v2\/pages\/116\" \/><\/form><\/div><\/div>\n<\/div>\n<\/div>\n<\/div>\n\n<div class=\"et_pb_section_2 et_pb_section et_section_regular et_block_section\">\n<div class=\"et_pb_row_2 et_pb_row et_block_row\">\n<div class=\"et_pb_column_2 et_pb_column et_pb_column_1_3 et_block_column et_pb_css_mix_blend_mode_passthrough\">\n<div class=\"et_pb_icon_0 et_pb_icon et_pb_module et_block_module preset--module--divi-icon--3f7ba636-1568-484c-a599-d83443b63927\"><span class=\"et_pb_icon_wrap\"><span class=\"et-pb-icon\">\ue090<\/span><\/span><\/div>\n\n<div class=\"et_pb_text_1 et_pb_text et_pb_bg_layout_light et_pb_module et_block_module et_pb_text_align_center preset--module--divi-text--03b43a64-185c-43fb-a7c3-65906d681797\"><div class=\"et_pb_text_inner\"><p><a data-dtype=\"d3ph\" data-local-attribute=\"d3ph\" jscontroller=\"LWZElb\" href=\"https:\/\/www.google.com\/search?q=%C3%B6demi%C5%9F+g%C4%B1da+maddeleri+odas%C4%B1&amp;rlz=1C5CHFA_enTR1156TR1156&amp;oq=%C3%B6demi%C5%9F+&amp;gs_lcrp=EgZjaHJvbWUqDggAEEUYJxg7GIAEGIoFMg4IABBFGCcYOxiABBiKBTIOCAEQRRgnGDsYgAQYigUyBggCEEUYOzINCAMQABiDARixAxiABDIHCAQQLhiABDIHCAUQABiABDIHCAYQLhiABDIQCAcQLhivARjHARiABBiOBTIHCAgQABiABDIHCAkQABiPAtIBCTMzNTBqMGoxNagCCLACAfEFF-UbNa35Cfc&amp;sourceid=chrome&amp;ie=UTF-8#\" jsdata=\"QKGTRc;_;XFyMaeLYHt3yi-gP0LKk-AY49\" jsaction=\"rcuQ6b:npT2md;F75qrd\" data-ved=\"2ahUKEwji9snin9GSAxVd-QIHHVAZCW8QkAgoAHoECE4QAg\"><span aria-label=\"(0232) 545 09 03 Numaral\u0131 Telefonu Ara\">(0232) 545 09 03<\/span><\/a><\/p>\n<\/div><\/div>\n<\/div>\n\n<div class=\"et_pb_column_3 et_pb_column et_pb_column_1_3 et_block_column et_pb_column_empty et_pb_css_mix_blend_mode_passthrough\"><\/div>\n\n<div class=\"et_pb_column_4 et_pb_column et_pb_column_1_3 et-last-child et_block_column et_pb_css_mix_blend_mode_passthrough\">\n<div class=\"et_pb_icon_1 et_pb_icon et_pb_module et_block_module preset--module--divi-icon--3f7ba636-1568-484c-a599-d83443b63927\"><span class=\"et_pb_icon_wrap\"><span class=\"et-pb-icon\">\uf3c5<\/span><\/span><\/div>\n\n<div class=\"et_pb_text_2 et_pb_text et_pb_bg_layout_light et_pb_module et_block_module et_pb_text_align_center preset--module--divi-text--03b43a64-185c-43fb-a7c3-65906d681797\"><div class=\"et_pb_text_inner\"><p><span style=\"font-size: 16px;\"><\/span><a href=\"https:\/\/www.google.com\/maps\/place\/\/data=!4m2!3m1!1s0x14b8e2e293407211:0x4c72b01d75360e03?sa=X&amp;ved=1t:8290&amp;ictx=111\" data-url=\"\/maps\/place\/\/data=!4m2!3m1!1s0x14b8e2e293407211:0x4c72b01d75360e03?sa=X&amp;ved=2ahUKEwji9snin9GSAxVd-QIHHVAZCW8Q4kB6BAgSEAA\" ping=\"\/url?sa=t&amp;source=web&amp;rct=j&amp;opi=89978449&amp;url=\/maps\/place\/\/data%3D!4m2!3m1!1s0x14b8e2e293407211:0x4c72b01d75360e03%3Fsa%3DX%26ved%3D1t:8290%26ictx%3D111&amp;ved=2ahUKEwji9snin9GSAxVd-QIHHVAZCW8Q4kB6BAhNEAM&amp;sqi=2\" style=\"font-size: 16px;\" tabindex=\"0\">Bengisu, T\u00fcrkoca\u011f\u0131 Sk. No:10, 35750 \u00d6demi\u015f\/\u0130zmir<\/a><\/p>\n<\/div><\/div>\n<\/div>\n<\/div>\n\n<div class=\"et_pb_row_3 et_pb_row et_flex_row\">\n<div class=\"et_pb_column_5 et_pb_column et-last-child et_flex_column et_pb_css_mix_blend_mode_passthrough et_flex_column_24_24 et_flex_column_24_24_tablet et_flex_column_24_24_phone\">\n<div class=\"et_pb_team_member_0 et_pb_team_member et_pb_team_member_no_image et_pb_bg_layout_light et_pb_module et_flex_module\"><div class=\"et_pb_team_member_description\"><h4 class=\"et_pb_module_header\">\u0130smail \u00c7EKEN<\/h4><p class=\"et_pb_member_position\">Genel Sekreter<\/p><div class=\"et_pb_team_member_description_content\"><h4>0 538 649 81 40<\/h4>\n<\/div><\/div><\/div>\n<\/div>\n<\/div>\n<\/div>\n\n<div class=\"et_pb_section_3 et_pb_section et_section_regular et_block_section\"><\/div>","protected":false},"excerpt":{"rendered":"","protected":false},"author":1,"featured_media":0,"parent":0,"menu_order":0,"comment_status":"closed","ping_status":"closed","template":"","meta":{"footnotes":""},"class_list":["post-116","page","type-page","status-publish","hentry"],"_links":{"self":[{"href":"https:\/\/odemisgidaodasi.org.tr\/index.php\/wp-json\/wp\/v2\/pages\/116","targetHints":{"allow":["GET"]}}],"collection":[{"href":"https:\/\/odemisgidaodasi.org.tr\/index.php\/wp-json\/wp\/v2\/pages"}],"about":[{"href":"https:\/\/odemisgidaodasi.org.tr\/index.php\/wp-json\/wp\/v2\/types\/page"}],"author":[{"embeddable":true,"href":"https:\/\/odemisgidaodasi.org.tr\/index.php\/wp-json\/wp\/v2\/users\/1"}],"replies":[{"embeddable":true,"href":"https:\/\/odemisgidaodasi.org.tr\/index.php\/wp-json\/wp\/v2\/comments?post=116"}],"version-history":[{"count":8,"href":"https:\/\/odemisgidaodasi.org.tr\/index.php\/wp-json\/wp\/v2\/pages\/116\/revisions"}],"predecessor-version":[{"id":205,"href":"https:\/\/odemisgidaodasi.org.tr\/index.php\/wp-json\/wp\/v2\/pages\/116\/revisions\/205"}],"wp:attachment":[{"href":"https:\/\/odemisgidaodasi.org.tr\/index.php\/wp-json\/wp\/v2\/media?parent=116"}],"curies":[{"name":"wp","href":"https:\/\/api.w.org\/{rel}","templated":true}]}}